*u**2. Give t(-4).
-6
Let q(a) = 7 + 0 - 7 + 2*a - 6. Let j(g) = -g**2 + 3. Let w be j(3). What is q(w)?
-18
Let q(d) = -d**3 - 4*d**2 + 5*d + 1. Let y = -129 - -125. Give q(y).
-19
Let g(x) be the second derivative of 3 - 3/2*x**2 + 1/3*x**3 + 8*x. Calculate g(5).
7
Let x be 30/16 + (330/(-80))/(-33). Let w = 2 + 0. Let s(r) = 0*r**2 - r**2 + r - r**2 + w. What is s(x)?
-4
Let o be ((-33)/(-198) + (-2)/(-12))*3. Let u(i) = -2*i + 1. Give u(o).
-1
Let m(i) be the second derivative of -i**4/12 - 3*i**3/2 + 3*i**2/2 - 23*i - 5. What is m(-8)?
11
Suppose -3*u + 4*f - 10 = 0, -5*u - 3*f - 2*f = -30. Suppose j - 6 = -4. Let z(v) = 3 + 2 - j*v + 4*v**2 - 6. Calculate z(u).
11
Suppose 2*w - g - 2 = 0, -4*g + 1 = -5*w - 0*g. Let o(q) be the first derivative of -q**4/4 + q**3 + 2*q**2 - 3*q - 344. What is o(w)?
9
Let p = 5 - 23. Let q = -18 - p. Let t(r) = r**2 + 4*r - 3. Let u(h) = -h + 1. Let w(j) = t(j) + 3*u(j). What is w(q)?
0
Let s(z) be the second derivative of -z**6/360 + z**5/40 - z**4/24 + 5*z**3/2 + 5*z. Let i(y) be the second derivative of s(y). Calculate i(4).
-5
Suppose -d + 2*b - 11 = 0, -d + 21 - 11 = 5*b. Let a(z) = z**3 + 6*z**2 + 8*z + 9. Give a(d).
-6
Let k(t) be the third derivative of -t**5/30 + t**4/8 - 2*t**3/3 - 227*t**2 - t. Calculate k(3).
-13
Let f(a) = -3*a**2 - 4*a**2 - 4*a - 2*a**2 + 3*a. Let i(p) = p**2 + 6*p + 1. Let d be i(-6). Give f(d).
-10
Let f(v) be the second derivative of v**5/20 + 7*v**4/12 - 2*v**3 - 11*v**2/2 - 270*v + 2. Give f(-8).
21
Let s(y) = 4*y - 6 - 4 + 1 - 3*y**2 + 12. Let l(o) = 4*o**2 - 3*o - 3. Let n(k) = 4*l(k) + 5*s(k). What is n(-6)?
-9
Let c(g) be the third derivative of g**6/120 - g**5/10 - g**4/12 + 19*g**2 - 5. Calculate c(6).
-12
Let d(h) be the second derivative of h**3/2 - 9*h**2/2 + 361*h. Give d(-7).
-30
Let h(b) = b + 3. Suppose -51*c - 104 = -38*c. Calculate h(c).
-5
Let l(v) be the first derivative of -1/3*v**3 + v**2 - 2*v - 2. Let n(o) = -11*o - 163. Let t be n(-15). What is l(t)?
-2
Let t(b) = -6*b - 8. Let r(f) = -f**2 + f + 117. Let o be r(-10). Give t(o).
-50
Let g(a) be the first derivative of -a**4/4 - 2*a**3 + 4*a**2 + 7*a - 66. Suppose 7 = -0*y - y. Determine g(y).
0
Let q = -94 - -97. Let p(i) be the first derivative of -1/3*i**3 - i**2 - 1 - q*i. Give p(-3).
-6
Let h(c) = -58 + 63 + 3*c + 3. Suppose b = -4*a - 3 - 2, 3*b - 2*a + 29 = 0. Give h(b).
-19
Let z(a) = a**2 + 8*a + 18. Let p be z(-4). Let i(t) = t**3 + 5*t**2 + 5*t. Let x be i(-4). Let c = p + x. Let l(r) = -9*r. What is l(c)?
18
Let k(f) = f**2 + 6*f - 1. Suppose -2*y + 0*t + t = 5, 5*t = 25. Suppose j - 10 = -4*j. Suppose -5*q = 3*u + 20, 4*q + 14 = -j*u - y*u. Give k(u).
-6
Let s(u) = -u**2 - 16*u + 2. Let f be s(-16). Let b(a) = -a**f - 3 + 8*a + 2 - 4*a - 1. Give b(3).
1
Let f(r) = 1 + 0*r**2 - 2*r**2 + r + 5*r**2. Let t = -660 + 658. What is f(t)?
11
Let c be (88/55)/((-1)/(-5)). Let s(i) = 0 - 2 + c*i + 0. Calculate s(2).
14
Let w(p) be the first derivative of p**2 - 3*p + 1. Let z be 12/6*9/(-4)*14/21. Calculate w(z).
-9
Let j be (-6 + 3 + 7/2)*-16. Let l(c) = -c**3 - 9*c**2 - 8*c + 6. What is l(j)?
6
Let s(v) = v + 7. Let h(r) = -30*r - 116. Let w be h(-4). What is s(w)?
11
Let p be (-1 + -4)*18/15. Let t(z) be the first derivative of z**3/3 + 4*z**2 + z + 542. Determine t(p).
-11
Let p(q) be the second derivative of q**4/12 - 3*q**3/2 - 7*q**2/2 + 6*q. Let u(l) = -l**2 + 7*l + 205. Let t be u(18). Determine p(t).
-21
Suppose -4 = 4*i + 4*h, -3*i - 5 = -i + 3*h. Let q(z) = -46*z**2 + 34*z**i - 1 + 24*z**2. Suppose 3 = k + 2. Calculate q(k).
11
Let p = 5 + -4. Suppose m - p = 1. Let b(g) be the third derivative of -g**6/60 + g**5/60 + g**4/8 - g**3/2 + 9*g**2. Determine b(m).
-9
Let k(a) = 5*a**2 - 17289*a - 4*a**2 + 17292*a - 6. Give k(-6).
12
Let t(d) = -d + 18. Let r(q) = -3. Let f(i) = -4*r(i) - t(i). Give f(6).
0
Let r = 15 - 13. Let s be (-4)/r + 5 + -5. Let z(x) = -x**3 + 2. Give z(s).
10
Let f = -32 + 35. Let w = f + 0. Suppose -g + 6 = -3*a, -w*a + a + 2*g = 4. Let t(q) = 9*q. What is t(a)?
-18
Suppose p = -p - 6. Let t(c) be the second derivative of c**3/3 + c**2 + 45*c. Give t(p).
-4
Let f(c) = -c**3 + 14*c**2 + 14*c + 9. Let l = -1060 + 1075. What is f(l)?
-6
Let y(j) = 4*j + 1. Let v be y(1). Let d(w) = 8 + 9*w + w**3 + 6 - 2*w - 15 - 3 - 6*w**2. Calculate d(v).
6
Let v(p) be the third derivative of p**4/12 + p**3 - 30*p**2. Let c(s) = s - 2. Let l be c(-4). Determine v(l).
-6
Suppose 0 = 14*c - 2024 + 1940. Let j(r) be the third derivative of r**5/60 - 7*r**4/24 + 2*r**3/3 - r**2. Give j(c).
-2
Let t(k) = -k**3 + 3*k**2 - 2*k + 3. Suppose u - 10 = -6. What is t(u)?
-21
Let f(l) = l - 15*l**3 + 6*l**2 + 16*l**3 + 0*l**2 + 8. Suppose 0 = 3*i + 10 + 8. Calculate f(i).
2
Let a(t) = -t**3 - 3*t**2 + 3*t + 9. Let f be a(2). Let m(s) = 5*s + 1. Calculate m(f).
-24
Let z(w) = -6*w - 23. Let y(i) = -4*i + 1. Let l(c) = 2*y(c) - z(c). What is l(10)?
5
Let d(z) be the third derivative of -z**4/24 + z**3 - z**2 - 37*z. Calculate d(13).
-7
Let z be 18/(-2)*3*20/(-540). Let o(v) be the third derivative of -2*v**5/15 - v**4/12 + v**3/6 - v**2. Determine o(z).
-9
Let b = -22 + 20. Let x be (-1)/b*-2*3. Let n(p) = -p**3 - 2*p**2 + 5*p + 3. Give n(x).
-3
Let w(u) = 79*u + 93*u - 173*u - 6 + 2. Suppose 4*v - 15 = -4*x + 1, 16 = 3*x + 5*v. Suppose 13 - 5 = -x*d. Calculate w(d).
0
Suppose 2*z - 4*u + 46 = -8*u, 0 = 3*z + u + 69. Let i = z + 28. Let q(l) = -3*l + 6. What is q(i)?
-9
Let k(l) be the second derivative of -2/3*l**3 + 5/2*l**2 - 1/12*l**4 + 6*l + 0. What is k(-5)?
0
Suppose 7*a = 44 - 58. Let c(l) = 0*l + 3 - 2*l - 6 + 2*l**2. What is c(a)?
9
Let i(n) be the second derivative of -n**4/12 - n**3 + n**2/2 - 24*n + 2. Calculate i(-6).
1
Let x(u) = -7*u**2 + 9*u - 1. Let t(n) = -3*n**2 + 4*n. Let k(m) = 5*t(m) - 2*x(m). What is k(0)?
2
Let i(j) = -2 + 4 + j + j + 2*j - 2*j. Calculate i(-4).
-6
Let q(n) = -4237 - 3*n + 8492 + 0*n - 4253 - n**2. Suppose 4*w + 5*d = -3, 8 + 1 = 5*w + 2*d. What is q(w)?
-16
Let a be (-4)/20 + (-176)/20. Let k be (a*(-12)/162)/(4/(-30)). Let l(m) = m**3 - 5*m**3 + 5*m**3 - 6*m - 4 + 4*m**2. Give l(k).
1
Let a(m) = 3*m**2 + 4*m + 4. Let l(y) = 2*y**2 + 3*y + 3. Let h(u) = -u**2 + 11*u - 14. Let r be h(9). Let d(c) = r*l(c) - 3*a(c). What is d(0)?
0
Let x(t) = -t**3 + t**2 - t. Let h(u) = 8*u**3 - 5*u**2 + 4*u. Let r(f) = h(f) + 3*x(f). Let a = 61 - 60. What is r(a)?
4
Suppose 12 = 4*d - 0*d. Let y(i) = 9*i**2 - 5*i + 11*i**3 - 4*i + 16*i**3 - 28*i**d + 4. Suppose -5 - 3 = -o. What is y(o)?
-4
Suppose 0*l - l + 2 = 0. Let v be (-10)/(-5)*(-2 - 21/(-6)). Let b(g) = 0*g - v*g - g**l - 33 + 31. What is b(-4)?
-6
Let d = -4 + 6. Let t(r) = 3*r + 14. Let x(b) = -10*b - 38. Let q(n) = 11*t(n) + 4*x(n). Give q(d).
-12
Let h(f) = 27*f - 3. Let n be h(0). Let i(l) = l**3 + 3*l**2 + l + 3. Give i(n).
0
Let h = -128 + 186. Suppose 70 - h = 3*x. Let w(r) = r**3 - 4*r**2 - r + 5. Determine w(x).
1
Let i(v) = v - 1. Let m be i(2). Let l be (2/m)/((-2)/(-3)). Let n(r) = r - 10. Let k(g) = -g + 8. Let d(s) = -6*k(s) - 5*n(s). Calculate d(l).
5
Let d(f) = -f**3 + 20*f**2 - 18*f - 16. Let v(g) = 2*g**2 + 22*g + 19. Let m be v(-11). Determine d(m).
3
Suppose 0*c - 4*y = -c + 24, 0 = 4*y + 20. Let p(v) = -v**2 + v - 1. Let i(t) = t**3 - 10*t**2 + 8*t - 9. Let b(j) = c*p(j) - i(j). What is b(6)?
-19
Let o = 65 + -56. Let l(y) = y + 12 - o*y + 9*y. Determine l(-10).
2
Let z(m) = 43*m - 8. Let u(j) = -14*j + 3. Let t(o) = -8*u(o) - 3*z(o). Give t(-2).
34
Let g(n) = -9*n - 6. Let m be ((-240)/(-200))/(-2 - (-16)/10). Determine g(m).
21
Let l(c) = 3*c + 0 - 4*c + 3. Let f(u) = 3*u**2 + 10*u + 42. Let q be f(-5). Suppose -12*n = 5 + q. Calculate l(n).
9
Let x(b) = 5*b**2 - 37*b + 17. Let q = -51 + 58. Let p be x(q). Let n(o) = o**2 + 2*o + 2. Calculate n(p).
17
Let m be 1/((-4)/(-6))*-2. Let j be 5 + m - -1 - -3. Let a(g) = 6*g + 4 - g**2 + 1 - 7. Give a(j).
-2
Let v(w) be the first derivative of w**3 - w**2 + 2*w + 1. Suppose -3*r = -128 + 122. Calculate v(r).
10
Let g(b) = -b + 6. Let p(y) = 16*y + 25. Let t be p(-9). Let m(v) = 21*v - 119. Let f(n) = t*g(n) - 6*m(n). Give f(-1).
7
Let k(i) = -i - 2. Let c = 18 - 13. Calculate k(c).
-7
Let i(c) be the first derivative of c**5/120 - 7*c**4/24 - 